{"id":394,"date":"2018-09-23T16:24:54","date_gmt":"2018-09-23T14:24:54","guid":{"rendered":"https:\/\/shiatsu-kurz.com\/wordpress\/?page_id=394"},"modified":"2024-02-04T14:27:43","modified_gmt":"2024-02-04T13:27:43","slug":"impressum","status":"publish","type":"page","link":"https:\/\/shiatsu-kurz.com\/?page_id=394","title":{"rendered":"Impressum \/ Datenschutz"},"content":{"rendered":"<h3><span style=\"color: #9b1f52;\"><strong>Impressum <\/strong>(Angaben gem\u00e4\u00df \u00a7 5 TMG)<\/span><\/h3>\n<h3><span style=\"color: #9b1f52;\">Verena Kurz<\/span><br \/>\n<span style=\"color: #9b1f52;\">Bezirksstra\u00dfe 9<\/span><br \/>\n<span style=\"color: #9b1f52;\">65817 Eppstein<\/span><\/h3>\n<h3><span style=\"color: #9b1f52;\">Telefon: 06198\/5867072<\/span><br \/>\n<span style=\"color: #9b1f52;\">E-Mail:\u00a0<a style=\"color: #9b1f52;\" href=\"mailto:info@shiatsu-hochheim.de\">info@shiatsu-Kurz.com<\/a><\/span><\/h3>\n<h3><span style=\"color: #9b1f52;\">Inhaltlich Verantwortliche gem. \u00a7 18 Abs. 2 MStV: Verena Kurz<\/span><\/h3>\n<p>&nbsp;<\/p>\n<h3><span style=\"color: #9b1f52;\"><strong>Haftungsausschluss:\u00a0<\/strong><\/span><\/h3>\n<h4><span style=\"color: #9b1f52;\"><strong>Haftung f\u00fcr Inhalte<\/strong><\/span><\/h4>\n<p><strong><span style=\"color: #9b1f52;\">Die Inhalte meiner Seiten wurden mit gr\u00f6\u00dfter Sorgfalt erstellt. F\u00fcr die Richtigkeit, Vollst\u00e4ndigkeit und Aktualit\u00e4t der Inhalte kann ich jedoch keine Gew\u00e4hr \u00fcbernehmen. Als Diensteanbieter bin ich gem\u00e4\u00df \u00a7 7 Abs. 1 TMG f\u00fcr eigene Inhalte auf diesen Seiten nach den allgemeinen Gesetzen verantwortlich. Nach \u00a7\u00a7 8 bis 10 TMG bin ich als Diensteanbieter jedoch nicht verpflichtet, \u00fcbermittelte oder gespeicherte fremde Informationen zu \u00fcberwachen oder nach Umst\u00e4nden zu forschen, die auf eine rechtswidrige T\u00e4tigkeit hinweisen. Verpflichtungen zur Entfernung oder Sperrung der Nutzung von Informationen nach den allgemeinen Gesetzen bleiben hiervon unber\u00fchrt. Eine diesbez\u00fcgliche Haftung ist jedoch erst ab dem Zeitpunkt der Kenntnis einer konkreten Rechtsverletzung m\u00f6glich. Bei Bekanntwerden von entsprechenden Rechtsverletzungen werde ich diese Inhalte umgehend entfernen.<\/span><\/strong><\/p>\n<h4><span style=\"color: #9b1f52;\"><strong>Haftung f\u00fcr Links<\/strong><\/span><\/h4>\n<p><strong><span style=\"color: #9b1f52;\">Sollten meine Seiten Links zu externen Webseiten Dritter enthalten, auf deren Inhalte ich keinen Einfluss habe, kann ich f\u00fcr diese fremden Inhalte auch keine Gew\u00e4hr \u00fcbernehmen. F\u00fcr die Inhalte der verlinkten Seiten ist stets der jeweilige Anbieter oder Betreiber der Seiten verantwortlich. Die verlinkten Seiten wurden zum Zeitpunkt der Verlinkung auf m\u00f6gliche Rechtsverst\u00f6\u00dfe \u00fcberpr\u00fcft. Rechtswidrige Inhalte waren zum Zeitpunkt der Verlinkung nicht erkennbar. Eine permanente inhaltliche Kontrolle der verlinkten Seiten ist jedoch ohne konkrete Anhaltspunkte einer Rechtsverletzung nicht zumutbar. Bei Bekanntwerden von Rechtsverletzungen werde ich derartige Links umgehend entfernen.<\/span><\/strong><\/p>\n<h4><span style=\"color: #9b1f52;\"><strong>Urheberrecht<\/strong><\/span><\/h4>\n<p><strong><span style=\"color: #9b1f52;\">Die Inhalte und Werke auf diesen Seiten unterliegen dem deutschen Urheberrecht. Die Vervielf\u00e4ltigung, Bearbeitung, Verbreitung und jede Art der Verwertung au\u00dferhalb der Grenzen des Urheberrechtes bed\u00fcrfen der schriftlichen Zustimmung des jeweiligen Autors bzw. Erstellers. Downloads und Kopien dieser Seite sind nur f\u00fcr den privaten, nicht kommerziellen Gebrauch gestattet. Soweit die Inhalte auf dieser Seite nicht vom Betreiber erstellt wurden, werden die Urheberrechte Dritter beachtet. Insbesondere werden Inhalte Dritter als solche gekennzeichnet. Sollten Sie trotzdem auf eine Urheberrechtsverletzung aufmerksam werden, bitte ich um einen entsprechenden Hinweis. Bei Bekanntwerden von Rechtsverletzungen werde ich derartige Inhalte umgehend entfernen.<\/span><\/strong><\/p>\n<h4><span style=\"color: #9b1f52;\"><strong>Datenschutz<\/strong><\/span><\/h4>\n<p><strong><span style=\"color: #9b1f52;\">Ich, Verena Kurz (info@shiatsu-kurz.com) bin f\u00fcr den Datenschutz bei der Nutzung dieser Webseiten verantwortlich. Als Betreiberin ist mir der Schutz Ihrer pers\u00f6nlichen Daten sehr wichtig, daher behandele ich Ihre pers\u00f6nlichen Daten vertraulich und entsprechend den gesetzlichen Datenschutzvorschriften sowie dieser Datenschutzerkl\u00e4rung. Die Nutzung meiner Webseite ist in der Regel ohne Angabe personenbezogener Daten m\u00f6glich. Soweit auf meinen Seiten personenbezogene Daten (beispielsweise Name, Anschrift, Telefonnummer oder eMail-Adressen) erhoben werden, erfolgt dies, soweit m\u00f6glich, stets auf freiwilliger Basis und nur f\u00fcr die Ausf\u00fchrung der konkreten Anfrage oder f\u00fcr einen Zweck, den ich Ihnen mitgeteilt habe. Diese Daten werden ohne Ihre ausdr\u00fcckliche Zustimmung nicht an Dritte weitergegeben. Soweit Ihre Daten gespeichert werden, sind sie ausreichend vor dem unberechtigten Zugriff Dritter mittels \u00fcblicher technischer Sicherungsmethoden gesch\u00fctzt.<\/span><\/strong><br \/>\n<strong><span style=\"color: #9b1f52;\">Ich weise darauf hin, dass die Daten\u00fcbertragung im Internet (z.B. bei der Kommunikation per E-Mail) Sicherheitsl\u00fccken aufweisen kann. Ein l\u00fcckenloser Schutz der Daten vor dem Zugriff durch Dritte ist nicht m\u00f6glich.<\/span><\/strong><br \/>\n<strong><span style=\"color: #9b1f52;\">Der Nutzung von im Rahmen der Impressumspflicht ver\u00f6ffentlichten Kontaktdaten durch Dritte zur \u00dcbersendung von nicht ausdr\u00fccklich angeforderter Werbung und Informationsmaterialien wird hiermit ausdr\u00fccklich widersprochen. Ich behalte mir ausdr\u00fccklich rechtliche Schritte im Falle der unverlangten Zusendung von Werbeinformationen, etwa durch Spam-Mails, vor.<\/span><\/strong><\/p>\n<h4><span style=\"color: #993366;\"><strong>Cookies<\/strong><\/span><\/h4>\n<p><strong><span style=\"color: #993366;\">Ich setze auf meinen Seiten Cookies ein. Hierbei handelt es sich um kleine Dateien, die Ihr Browser automatisch erstellt und die auf Ihrem Endger\u00e4t (Laptop, Tablet, Smartphone o.\u00e4.) gespeichert werden, wenn Sie meine Seiten besuchen. Cookies richten auf Ihrem Endger\u00e4t keinen Schaden an, enthalten keine Viren, Trojaner oder sonstige Schadsoftware.<\/span><\/strong><\/p>\n<p><strong><span style=\"color: #993366;\">In dem Cookie werden Informationen abgelegt, die sich jeweils im Zusammenhang mit dem spezifisch eingesetzten Endger\u00e4t ergeben. Dies bedeutet jedoch nicht, dass ich dadurch unmittelbar Kenntnis von Ihrer Identit\u00e4t erhalte.<\/span><\/strong><\/p>\n<p><strong><span style=\"color: #993366;\">Der Einsatz von Cookies dient einerseits dazu, die Nutzung meines Angebots f\u00fcr Sie angenehmer zu gestalten. So setze ich sogenannte Session-Cookies ein, um zu erkennen, dass Sie einzelne Seiten meiner Webseiten bereits besucht haben. Diese werden nach Verlassen meiner Seiten automatisch gel\u00f6scht.<\/span><\/strong><\/p>\n<p><strong><span style=\"color: #993366;\">Dar\u00fcber hinaus setze ich ebenfalls zur Optimierung der Benutzerfreundlichkeit tempor\u00e4re Cookies ein, die f\u00fcr einen bestimmten festgelegten Zeitraum auf Ihrem Endger\u00e4t gespeichert werden. Besuchen Sie meine Seiten erneut, wird ggf. automatisch erkannt, dass Sie bereits auf meinen Seiten waren und welche Eingaben und Einstellungen sie get\u00e4tigt haben, um diese nicht noch einmal eingeben zu m\u00fcssen.<\/span><\/strong><\/p>\n<p><strong><span style=\"color: #993366;\">Die durch Cookies verarbeiteten Daten sind f\u00fcr die genannten Zwecke zur Wahrung meiner berechtigten Interessen sowie der Dritter nach Art.\u00a06 Abs.\u00a01 S.\u00a01 lit.\u00a0f DSGVO erforderlich.<\/span><\/strong><\/p>\n<p><strong><span style=\"color: #993366;\">Die meisten Browser akzeptieren Cookies automatisch. Sie k\u00f6nnen Ihren Browser jedoch so konfigurieren, dass keine Cookies auf Ihrem Computer gespeichert werden oder stets ein Hinweis erscheint, bevor ein neuer Cookie angelegt wird. Die vollst\u00e4ndige Deaktivierung von Cookies kann jedoch dazu f\u00fchren, dass Sie nicht alle Funktionen meiner Webseiten nutzen k\u00f6nnen.<\/span><\/strong><\/p>\n<h4><strong><span style=\"color: #993366;\">Server-Log-files<\/span><\/strong><\/h4>\n<p><strong><span style=\"color: #993366;\">Der Provider meiner Webseiten erhebt und speichert automatisch Informationen in sog. Server-Log-Files, die Ihr Webbrowser automatisch \u00fcbermittelt. Es handelt sich herbei um den Browsertyp und Browserversion, das verwendete Betriebssystem Ihres Endger\u00e4tes, die aktuelle IP-Adresse Ihres Endger\u00e4tes, das Datum und die\u00a0 Uhrzeit der Serveranfrage und die angew\u00e4hlten Webseiten.\u00a0<\/span><\/strong><\/p>\n<h4><span style=\"color: #9b1f52;\"><strong>Google Analytics<\/strong><\/span><\/h4>\n<p><strong><span style=\"color: #9b1f52;\">Diese Webseiten benutzt Google Analytics, einen Webanalysedienst der Google Inc. (&#8220;Google&#8220;). Google Analytics verwendet sog. &#8220;Cookies&#8220;, Textdateien, die auf Ihrem Computer gespeichert werden und die eine Analyse der Benutzung der Website durch Sie erm\u00f6glicht. Die durch den Cookie erzeugten Informationen \u00fcber Ihre Benutzung dieser Webseiten (einschlie\u00dflich Ihrer IP-Adresse) wird an einen Server von Google in den USA \u00fcbertragen und dort gespeichert. Google wird diese Informationen benutzen, um Ihre Nutzung der Webseiten auszuwerten, um Reports \u00fcber die Websiteaktivit\u00e4ten f\u00fcr die Websitebetreiber zusammenzustellen und um weitere mit der Websitenutzung und der Internetnutzung verbundene Dienstleistungen zu erbringen. Auch wird Google diese Informationen gegebenenfalls an Dritte \u00fcbertragen, sofern dies gesetzlich vorgeschrieben oder soweit Dritte diese Daten im Auftrag von Google verarbeiten. Google wird in keinem Fall Ihre IP-Adresse mit anderen Daten der Google in Verbindung bringen. Sie k\u00f6nnen die Installation der Cookies durch eine entsprechende Einstellung Ihrer Browser Software verhindern; wir weisen Sie jedoch darauf hin, dass Sie in diesem Fall gegebenenfalls nicht s\u00e4mtliche Funktionen dieser Website voll umf\u00e4nglich nutzen k\u00f6nnen. Durch die Nutzung dieser Website erkl\u00e4ren Sie sich mit der Bearbeitung der \u00fcber Sie erhobenen Daten durch Google in der zuvor beschriebenen Art und Weise und zu dem zuvor benannten Zweck einverstanden.<\/span><\/strong><\/p>\n<h4><strong><span style=\"color: #993366;\">facebook-Seite<\/span><\/strong><\/h4>\n<p><strong><span style=\"color: #993366;\">Ich betreibe die Facebook-Seite &#8222;Shiatsu Verena Kurz&#8220;. Ich greife f\u00fcr den dort angebotenen Informationsdienst auf die technische Plattform und die Dienste der Facebook Ireland Ltd., 4 Grand Canal Square Grand Canal Harbour, Dublin 2, Ireland zur\u00fcck. Ich weise Sie darauf hin, dass Sie diese Facebook-Seite und ihre Funktionen in eigener Verantwortung nutzen. Dies gilt insbesondere f\u00fcr die Nutzung der interaktiven Funktionen (z.B. Kommentieren, Teilen, Bewerten). Beim Besuch meiner Facebook-Seite erfasst Facebook u.a Ihre IP-Adresse sowie weitere Informationen, die in Form von Cookies auf Ihrem PC vorhanden sind. Diese Informationen werden verwendet, um mich als Betreiber der Facebook-Seiten statistische Informationen \u00fcber die Inanspruchnahme der Facebook-Seite zur Verf\u00fcgung zu stellen. N\u00e4here Informationen hierzu stellt Facebook unter folgendem Link zur Verf\u00fcgung: <a style=\"color: #993366;\" href=\"http:\/\/de-de.facebook.com\/help\/pages\/insights\">http:\/\/de-de.facebook.com\/help\/pages\/insights<\/a><\/span><\/strong><\/p>\n<p><strong><span style=\"color: #993366;\">Die in diesem Zusammenhang \u00fcber Sie erhobenen Daten werden von der Facebook Ltd. verarbeitet und dabei gegebenenfalls in L\u00e4nder au\u00dferhalb der Europ\u00e4ischen Union \u00fcbertragen. Welche Informationen Facebook erh\u00e4lt und wie diese verwendet werden, beschreibt Facebook in allgemeiner Form in seinen Datenverwendungsrichtlinien. Dort finden Sie auch Informationen \u00fcber Kontaktm\u00f6glichkeiten zu Facebook sowie zu den Einstellm\u00f6glichkeiten f\u00fcr Werbeanzeigen.<\/span><\/strong><\/p>\n<p><strong><span style=\"color: #993366;\">Die Datenverwendungsrichtlinien sind unter folgendem Link verf\u00fcgbar: <a style=\"color: #993366;\" href=\"http:\/\/de-de.facebook.com\/about\/privacy\">http:\/\/de-de.facebook.com\/about\/privacy<\/a><\/span><\/strong><\/p>\n<p><strong><span style=\"color: #993366;\">Die vollst\u00e4ndigen Datenrichtlinien von Facebook finden Sie hier: <a style=\"color: #993366;\" href=\"https:\/\/de-de.facebook.com\/full_data_use_policy\">https:\/\/de-de.facebook.com\/full_data_use_policy<\/a><\/span><\/strong><\/p>\n<p><strong><span style=\"color: #993366;\">In welcher Weise Facebook die Daten aus dem Besuch von Facebook-Seiten f\u00fcr eigene Zwecke verwendet, in welchem Umfang Aktivit\u00e4ten auf der Facebook-Seite einzelnen Nutzern zugeordnet werden, wie lange Facebook diese Daten speichert und ob Daten aus einem Besuch der Facebook-Seite an Dritte weitergegeben werden, wird von Facebook nicht abschlie\u00dfend und klar benannt und ist mir nicht bekannt. Beim Zugriff auf eine Facebook-Seite wird die Ihrem Endger\u00e4te zugeteilte IP-Adresse an Facebook \u00fcbermittelt. Nach Auskunft von Facebook wird diese IP-Adresse anonymisiert (bei &#8222;deutschen&#8220; IP-Adressen) und nach 90 Tagen gel\u00f6scht. Facebook speichert dar\u00fcber hinaus Informationen \u00fcber die Endger\u00e4te seiner Nutzer (z.B. im Rahmen der Funktion \u201eAnmeldebenachrichtigung\u201c); gegebenenfalls ist Facebook damit eine Zuordnung von IP-Adressen zu einzelnen Nutzern m\u00f6glich. Wenn Sie als Nutzerin oder Nutzer aktuell bei Facebook angemeldet sind, befindet sich auf Ihrem Endger\u00e4t ein Cookie mit Ihrer Facebook-Kennung. Dadurch ist Facebook in der Lage nachzuvollziehen, dass Sie diese Seite aufgesucht und wie Sie sie genutzt haben. Dies gilt auch f\u00fcr alle anderen Facebook-Seiten. \u00dcber in Webseiten eingebundene Facebook-Buttons ist es Facebook m\u00f6glich, Ihre Besuche auf diesen Webseiten Seiten zu erfassen und Ihrem Facebook-Profil zuzuordnen. Anhand dieser Daten k\u00f6nnen Inhalte oder Werbung auf Sie zugeschnitten angeboten werden.<\/span><\/strong><\/p>\n<p><strong><span style=\"color: #993366;\">Wenn Sie dies vermeiden m\u00f6chten, sollten Sie sich bei Facebook abmelden bzw. die Funktion &#8222;angemeldet bleiben&#8220; deaktivieren, die auf Ihrem Ger\u00e4t vorhandenen Cookies l\u00f6schen und Ihren Browser beenden und neu starten. Auf diese Weise werden Facebook-Informationen, \u00fcber die Sie unmittelbar identifiziert werden k\u00f6nnen, gel\u00f6scht. Damit k\u00f6nnen Sie meine Facebook-Seite nutzen, ohne dass Ihre Facebook-Kennung offenbart wird. Wenn Sie auf interaktive Funktionen der Seite zugreifen (Gef\u00e4llt mir, Kommentieren, Teilen, Nachrichten etc.), erscheint eine Facebook-Anmeldemaske. Nach einer etwaigen Anmeldung sind Sie f\u00fcr Facebook erneut als bestimmte\/r Nutzerin\/Nutzer erkennbar. Informationen dazu, wie Sie \u00fcber Sie vorhandene Informationen verwalten oder l\u00f6schen k\u00f6nnen, finden Sie auf folgenden Facebook Support-Seiten: <a style=\"color: #993366;\" href=\"https:\/\/de-de.facebook.com\/about\/privacy#\">https:\/\/de-de.facebook.com\/about\/privacy#<\/a><\/span><\/strong><\/p>\n<p><strong><span style=\"color: #993366;\">Ich als Betreiber der Facebook-Seite erhebe und verarbeite dar\u00fcber hinaus auf der Facebook-Seite keine Daten aus Ihrer Nutzung meines Dienstes. Diese Datenschutzerkl\u00e4rung finden Sie in der jeweils geltenden Fassung unter dem Punkt \u201eDatenschutz\u201c auf meiner Facebook-Seite.\u00a0<\/span><\/strong><\/p>\n<p>Shiatsu Verena Kurz &#8211; www.shiatsu-kurz.com<\/p>\n","protected":false},"excerpt":{"rendered":"<p>Impressum (Angaben gem\u00e4\u00df \u00a7 5 TMG) Verena Kurz Bezirksstra\u00dfe 9 65817 Eppstein Telefon: 06198\/5867072 E-Mail:\u00a0info@shiatsu-Kurz.com Inhaltlich Verantwortliche gem. \u00a7 18 Abs. 2 MStV: Verena Kurz &nbsp; Haftungsausschluss:\u00a0 Haftung f\u00fcr Inhalte Die Inhalte meiner Seiten wurden mit gr\u00f6\u00dfter Sorgfalt erstellt. F\u00fcr die Richtigkeit, Vollst\u00e4ndigkeit und Aktualit\u00e4t der Inhalte kann ich jedoch keine Gew\u00e4hr \u00fcbernehmen. Als Diensteanbieter &hellip; <a href=\"https:\/\/shiatsu-kurz.com\/?page_id=394\" class=\"more-link\">Weiterlesen <span class=\"screen-reader-text\">Impressum \/ Datenschutz<\/span><\/a><\/p>\n","protected":false},"author":1,"featured_media":0,"parent":0,"menu_order":0,"comment_status":"closed","ping_status":"closed","template":"page-templates\/full-width-page.php","meta":{"footnotes":""},"class_list":["post-394","page","type-page","status-publish","hentry","without-featured-image"],"yoast_head":"<!-- This site is optimized with the Yoast SEO plugin v27.4 - https:\/\/yoast.com\/product\/yoast-seo-wordpress\/ -->\n<title>Impressum \/ Datenschutz - Shiatsu - Verena Kurz<\/title>\n<meta name=\"robots\" content=\"index, follow, max-snippet:-1, max-image-preview:large, max-video-preview:-1\" \/>\n<link rel=\"canonical\" href=\"https:\/\/shiatsu-kurz.com\/?page_id=394\" \/>\n<meta property=\"og:locale\" content=\"de_DE\" \/>\n<meta property=\"og:type\" content=\"article\" \/>\n<meta property=\"og:title\" content=\"Impressum \/ Datenschutz - Shiatsu - Verena Kurz\" \/>\n<meta property=\"og:description\" content=\"Impressum (Angaben gem\u00e4\u00df \u00a7 5 TMG) Verena Kurz Bezirksstra\u00dfe 9 65817 Eppstein Telefon: 06198\/5867072 E-Mail:\u00a0info@shiatsu-Kurz.com Inhaltlich Verantwortliche gem. \u00a7 18 Abs. 2 MStV: Verena Kurz &nbsp; Haftungsausschluss:\u00a0 Haftung f\u00fcr Inhalte Die Inhalte meiner Seiten wurden mit gr\u00f6\u00dfter Sorgfalt erstellt. F\u00fcr die Richtigkeit, Vollst\u00e4ndigkeit und Aktualit\u00e4t der Inhalte kann ich jedoch keine Gew\u00e4hr \u00fcbernehmen. Als Diensteanbieter &hellip; Weiterlesen Impressum \/ Datenschutz\" \/>\n<meta property=\"og:url\" content=\"https:\/\/shiatsu-kurz.com\/?page_id=394\" \/>\n<meta property=\"og:site_name\" content=\"Shiatsu - Verena Kurz\" \/>\n<meta property=\"article:modified_time\" content=\"2024-02-04T13:27:43+00:00\" \/>\n<meta name=\"twitter:card\" content=\"summary_large_image\" \/>\n<meta name=\"twitter:label1\" content=\"Gesch\u00e4tzte Lesezeit\" \/>\n\t<meta name=\"twitter:data1\" content=\"9\u00a0Minuten\" \/>\n<script type=\"application\/ld+json\" class=\"yoast-schema-graph\">{\"@context\":\"https:\\\/\\\/schema.org\",\"@graph\":[{\"@type\":\"WebPage\",\"@id\":\"https:\\\/\\\/shiatsu-kurz.com\\\/?page_id=394\",\"url\":\"https:\\\/\\\/shiatsu-kurz.com\\\/?page_id=394\",\"name\":\"Impressum \\\/ Datenschutz - Shiatsu - Verena Kurz\",\"isPartOf\":{\"@id\":\"https:\\\/\\\/shiatsu-kurz.com\\\/#website\"},\"datePublished\":\"2018-09-23T14:24:54+00:00\",\"dateModified\":\"2024-02-04T13:27:43+00:00\",\"breadcrumb\":{\"@id\":\"https:\\\/\\\/shiatsu-kurz.com\\\/?page_id=394#breadcrumb\"},\"inLanguage\":\"de\",\"potentialAction\":[{\"@type\":\"ReadAction\",\"target\":[\"https:\\\/\\\/shiatsu-kurz.com\\\/?page_id=394\"]}]},{\"@type\":\"BreadcrumbList\",\"@id\":\"https:\\\/\\\/shiatsu-kurz.com\\\/?page_id=394#breadcrumb\",\"itemListElement\":[{\"@type\":\"ListItem\",\"position\":1,\"name\":\"Startseite\",\"item\":\"https:\\\/\\\/shiatsu-kurz.com\\\/\"},{\"@type\":\"ListItem\",\"position\":2,\"name\":\"Impressum \\\/ Datenschutz\"}]},{\"@type\":\"WebSite\",\"@id\":\"https:\\\/\\\/shiatsu-kurz.com\\\/#website\",\"url\":\"https:\\\/\\\/shiatsu-kurz.com\\\/\",\"name\":\"Shiatsu - Verena Kurz\",\"description\":\"\",\"potentialAction\":[{\"@type\":\"SearchAction\",\"target\":{\"@type\":\"EntryPoint\",\"urlTemplate\":\"https:\\\/\\\/shiatsu-kurz.com\\\/?s={search_term_string}\"},\"query-input\":{\"@type\":\"PropertyValueSpecification\",\"valueRequired\":true,\"valueName\":\"search_term_string\"}}],\"inLanguage\":\"de\"}]}<\/script>\n<!-- \/ Yoast SEO plugin. -->","yoast_head_json":{"title":"Impressum \/ Datenschutz - Shiatsu - Verena Kurz","robots":{"index":"index","follow":"follow","max-snippet":"max-snippet:-1","max-image-preview":"max-image-preview:large","max-video-preview":"max-video-preview:-1"},"canonical":"https:\/\/shiatsu-kurz.com\/?page_id=394","og_locale":"de_DE","og_type":"article","og_title":"Impressum \/ Datenschutz - Shiatsu - Verena Kurz","og_description":"Impressum (Angaben gem\u00e4\u00df \u00a7 5 TMG) Verena Kurz Bezirksstra\u00dfe 9 65817 Eppstein Telefon: 06198\/5867072 E-Mail:\u00a0info@shiatsu-Kurz.com Inhaltlich Verantwortliche gem. \u00a7 18 Abs. 2 MStV: Verena Kurz &nbsp; Haftungsausschluss:\u00a0 Haftung f\u00fcr Inhalte Die Inhalte meiner Seiten wurden mit gr\u00f6\u00dfter Sorgfalt erstellt. F\u00fcr die Richtigkeit, Vollst\u00e4ndigkeit und Aktualit\u00e4t der Inhalte kann ich jedoch keine Gew\u00e4hr \u00fcbernehmen. Als Diensteanbieter &hellip; Weiterlesen Impressum \/ Datenschutz","og_url":"https:\/\/shiatsu-kurz.com\/?page_id=394","og_site_name":"Shiatsu - Verena Kurz","article_modified_time":"2024-02-04T13:27:43+00:00","twitter_card":"summary_large_image","twitter_misc":{"Gesch\u00e4tzte Lesezeit":"9\u00a0Minuten"},"schema":{"@context":"https:\/\/schema.org","@graph":[{"@type":"WebPage","@id":"https:\/\/shiatsu-kurz.com\/?page_id=394","url":"https:\/\/shiatsu-kurz.com\/?page_id=394","name":"Impressum \/ Datenschutz - Shiatsu - Verena Kurz","isPartOf":{"@id":"https:\/\/shiatsu-kurz.com\/#website"},"datePublished":"2018-09-23T14:24:54+00:00","dateModified":"2024-02-04T13:27:43+00:00","breadcrumb":{"@id":"https:\/\/shiatsu-kurz.com\/?page_id=394#breadcrumb"},"inLanguage":"de","potentialAction":[{"@type":"ReadAction","target":["https:\/\/shiatsu-kurz.com\/?page_id=394"]}]},{"@type":"BreadcrumbList","@id":"https:\/\/shiatsu-kurz.com\/?page_id=394#breadcrumb","itemListElement":[{"@type":"ListItem","position":1,"name":"Startseite","item":"https:\/\/shiatsu-kurz.com\/"},{"@type":"ListItem","position":2,"name":"Impressum \/ Datenschutz"}]},{"@type":"WebSite","@id":"https:\/\/shiatsu-kurz.com\/#website","url":"https:\/\/shiatsu-kurz.com\/","name":"Shiatsu - Verena Kurz","description":"","potentialAction":[{"@type":"SearchAction","target":{"@type":"EntryPoint","urlTemplate":"https:\/\/shiatsu-kurz.com\/?s={search_term_string}"},"query-input":{"@type":"PropertyValueSpecification","valueRequired":true,"valueName":"search_term_string"}}],"inLanguage":"de"}]}},"_links":{"self":[{"href":"https:\/\/shiatsu-kurz.com\/index.php?rest_route=\/wp\/v2\/pages\/394","targetHints":{"allow":["GET"]}}],"collection":[{"href":"https:\/\/shiatsu-kurz.com\/index.php?rest_route=\/wp\/v2\/pages"}],"about":[{"href":"https:\/\/shiatsu-kurz.com\/index.php?rest_route=\/wp\/v2\/types\/page"}],"author":[{"embeddable":true,"href":"https:\/\/shiatsu-kurz.com\/index.php?rest_route=\/wp\/v2\/users\/1"}],"replies":[{"embeddable":true,"href":"https:\/\/shiatsu-kurz.com\/index.php?rest_route=%2Fwp%2Fv2%2Fcomments&post=394"}],"version-history":[{"count":13,"href":"https:\/\/shiatsu-kurz.com\/index.php?rest_route=\/wp\/v2\/pages\/394\/revisions"}],"predecessor-version":[{"id":942,"href":"https:\/\/shiatsu-kurz.com\/index.php?rest_route=\/wp\/v2\/pages\/394\/revisions\/942"}],"wp:attachment":[{"href":"https:\/\/shiatsu-kurz.com\/index.php?rest_route=%2Fwp%2Fv2%2Fmedia&parent=394"}],"curies":[{"name":"wp","href":"https:\/\/api.w.org\/{rel}","templated":true}]}}